7 prime?
False
Is 6886931 prime?
False
Is 860399 a composite number?
False
Is 320567 composite?
True
Is 3291539 a composite number?
False
Is 156108673 prime?
False
Is 1063241 prime?
True
Is 89453495 prime?
False
Is 5780083 composite?
True
Is 438839 a composite number?
True
Is 27802435 a prime number?
False
Is 93740113 a prime number?
True
Is 33780727 composite?
True
Is 122920873 a composite number?
False
Is 25384237 composite?
False
Is 17355229 a prime number?
True
Is 166347697 prime?
True
Is 14343833 composite?
True
Is 283503523 composite?
False
Is 273835 prime?
False
Is 815509999 prime?
True
Is 17980811 a prime number?
True
Is 87699163 a prime number?
False
Is 178228243 composite?
False
Is 1801 a prime number?
True
Is 98476339 composite?
True
Is 7655293 composite?
True
Is 249637 composite?
True
Is 44502319 composite?
False
Is 172263361 a prime number?
True
Is 489529141 a composite number?
False
Is 1396405237 prime?
True
Is 240682643 a prime number?
True
Is 2700785 composite?
True
Is 155610947 composite?
True
Is 515064005 a prime number?
False
Is 75447205 a composite number?
True
Is 2819221 a prime number?
True
Is 2967191 a composite number?
True
Is 80749511 composite?
True
Is 2273041 a composite number?
False
Is 393893 prime?
False
Is 210623815 a prime number?
False
Is 100741213 a composite number?
True
Is 20666743 a composite number?
False
Is 32791403 a prime number?
True
Is 46977773 prime?
False
Is 9558037 a prime number?
True
Is 159927697 prime?
True
Is 1366249 a prime number?
False
Is 4913387 a prime number?
True
Is 479599189 a prime number?
False
Is 9802869 prime?
False
Is 10163473 a composite number?
False
Is 40564774 prime?
False
Is 750774091 a prime number?
True
Is 795811 prime?
False
Is 3267497 a composite number?
False
Is 202577827 composite?
True
Is 2358737 a prime number?
True
Is 59865577 a composite number?
False
Is 5559877 prime?
True
Is 1984963 a composite number?
True
Is 17192359 prime?
False
Is 127129426 a prime number?
False
Is 23519303 a prime number?
True
Is 6003641 composite?
True
Is 11105 a composite number?
True
Is 326437 a prime number?
True
Is 35731897 composite?
False
Is 178756387 prime?
False
Is 19854787 a prime number?
False
Is 17027671 prime?
False
Is 1091000249 a composite number?
False
Is 79595266 a composite number?
True
Is 287283197 prime?
True
Is 1408523 prime?
True
Is 299353643 a prime number?
False
Is 166948393 prime?
True
Is 605903 composite?
True
Is 8222869 composite?
True
Is 23890283 prime?
True
Is 2349541 composite?
False
Is 137164917 a prime number?
False
Is 186096971 prime?
True
Is 504435835 composite?
True
Is 106122017 prime?
True
Is 932303 prime?
True
Is 11599201 a composite number?
False
Is 2766299 prime?
False
Is 98951 prime?
False
Is 13706269 a composite number?
False
Is 78633557 a composite number?
True
Is 29479634 a composite number?
True
Is 5148257 prime?
True
Is 2027765 a composite number?
True
Is 5407309 a prime number?
False
Is 2645213 composite?
False
Is 267809401 prime?
False
Is 18865303 composite?
False
Is 2700707 prime?
True
Is 4660459 prime?
False
Is 57585211 a prime number?
True
Is 695393207 a composite number?
True
Is 2520347 a composite number?
False
Is 106665731 prime?
True
Is 100828333 composite?
False
Is 812921 a prime number?
True
Is 12150569 prime?
True
Is 178972502 a prime number?
False
Is 32368121 composite?
True
Is 11763805 prime?
False
Is 9084298 a prime number?
False
Is 105478719 prime?
False
Is 17206523 a composite number?
False
Is 7386179 a prime number?
True
Is 145699 a prime number?
False
Is 4934905 composite?
True
Is 48712289 a composite number?
False
Is 76182779 composite?
True
Is 378441935 prime?
False
Is 61643539 a prime number?
True
Is 187585 a prime number?
False
Is 399128911 a prime number?
True
Is 14191477 a prime number?
True
Is 55268023 a composite number?
False
Is 18114883 a prime number?
True
Is 25338531 a prime number?
False
Is 3903973 composite?
False
Is 13698877 a prime number?
False
Is 8075297 composite?
True
Is 240812861 a composite number?
True
Is 13620931 prime?
True
Is 199853 prime?
True
Is 2705869 a composite number?
False
Is 3855757 prime?
True
Is 684269 a prime number?
True
Is 22965391 a prime number?
True
Is 23725943 a composite number?
True
Is 639187 prime?
False
Is 9603967 composite?
False
Is 831206329 prime?
False
Is 1456439 a composite number?
False
Is 62694487 a composite number?
True
Is 92312449 composite?
False
Is 25202299 a prime number?
False
Is 625553 a composite number?
True
Is 59032915 composite?
True
Is 29962873 composite?
True
Is 2050459 a composite number?
False
Is 76269891 composite?
True
Is 7645901 a composite number?
True
Is 1150837 a composite number?
False
Is 377533067 prime?
True
Is 32738393 a prime number?
False
Is 43778219 a composite number?
False
Is 4224439 prime?
True
Is 3852517 a composite number?
True
Is 238234937 prime?
True
Is 201301777 a composite number?
True
Is 19011643 a prime number?
False
Is 2732297 composite?
False
Is 39383831 a prime number?
False
Is 198469009 a prime number?
True
Is 18539 prime?
True
Is 1679887 prime?
False
Is 503569 a composite number?
True
Is 641623 prime?
True
Is 71212157 a composite number?
True
Is 121052557 a composite number?
False
Is 19858937 composite?
True
Is 10911837 prime?
False
Is 70588237 composite?
False
Is 96187433 a composite number?
False
Is 1497839 prime?
False
Is 1139191 a prime number?
True
Is 83443639 a composite number?
False
Is 2854031 a prime number?
False
Is 17429291 a prime number?
False
Is 14054137 prime?
True
Is 5786031 a composite number?
True
Is 2474599 prime?
False
Is 287047 a composite number?
False
Is 73797247 prime?
True
Is 136427399 a prime number?
False
Is 4379819 prime?
True
Is 116003707 a composite number?
False
Is 86939243 composite?
False
Is 1673647 composite?
True
Is 18341914 composite?
True
Is 235453 composite?
True
Is 585218021 a prime number?
True
Is 5140495 a prime number?
False
Is 38616173 composite?
True
Is 7170241 prime?
False
Is 3015361 a prime number?
False
Is 7057 composite?
False
Is 203496823 a prime number?
True
Is 470854079 prime?
True
Is 26840735 a prime number?
False
Is 33260099 composite?
False
Is 241207 prime?
True
Is 127280423 composite?
True
Is 822881 a composite number?
False
Is 5411569 composite?
False
Is 29911033 composite?
True
Is 70270997 a composite number?
False
Is 598364483 composite?
False
Is 13803841 prime?
False
Is 122213827 a prime number?
True
Is 9698947 a composite number?
True
Is 102047 composite?
True
Is 980773 a prime number?
True
Is 10546297 composite?
True
Is 136818233 a prime number?
False
Is 3894367 a prime number?
False
Is 15822591 prime?
False
Is 18128741 a composite number?
True
Is 11056883 prime?
True
Is 27257297 a prime number?
True
Is 269474189 prime?
True
Is 4601057 a prime number?
True
Is 9715263 a composite number?
True
Is 14338433 composite?
False
Is 8101939 a prime number?
False
Is 818593 prime?
False
Is 56128867 a composite number?
True
Is 2093863 composite?
False
Is 108957629 prime?
False
Is 77538455 a composite number?
True
Is 214685615 composite?
True
Is 114673701 a prime number?
False
Is 148738021 composite?
True
Is 24282998 a composite number?
True
Is 1666853 a prime number?
True
Is 52314439 prime?
True
Is 114263 a composite number?
True
Is 12476039 a composite number?
True
Is 163563737 composite?
True
Is 1737127 a prime number?
False
Is 3313463 a composite number?
True
Is 580577 prime?
True
Is 7258183 composite?
True
Is 30785537 composite?
False
Is 5901481 composite?
False
Is 746151197 prime?
False
Is 106940389 a prime number?
True
Is 5899769 composite?
True
Is 2236261 composite?
False
Is 5197557 a prime number?
False
Is 25785227 composite?
True
Is 12661613 prime?
True
Is 5057501 a composite number?
True
Is 25213519 a composite number?
False
Is 65812387 prime?
True
Is 15723721 prime?
False
Is 3510271 a composite number?
False
Is 9454922 composite?
True
Is 9368833 a composite number?
True
Is 7187027 prime?
True
Is 4048417 composite?
False
Is 65214401 prime?
False
Is 1066526017 a composite number?
False
Is 33856561 a composite number?
False
Is 61027523 a prime number?
True
Is 652603 prime?
False
Is 50325949 prime?
True
Is 43682009 a prime number?
False
Is 4195073 prime?
False
Is 459398155 